of 67 and 178019?
67
What is the greatest common divisor of 17952 and 69564?
2244
What is the greatest common divisor of 3310 and 1808584?
662
What is the greatest common divisor of 504136 and 636?
212
What is the greatest common divisor of 248380 and 1595?
55
What is the highest common factor of 92 and 46828?
92
Calculate the greatest common factor of 4860 and 127440.
540
Calculate the greatest common divisor of 20785 and 115.
5
Calculate the greatest common divisor of 149715 and 30.
15
What is the greatest common divisor of 302 and 102227?
151
What is the highest common factor of 232 and 3503548?
116
Calculate the greatest common divisor of 58575 and 4260.
1065
What is the greatest common divisor of 2464866 and 148?
74
What is the highest common divisor of 8071 and 252?
7
Calculate the highest common divisor of 1449 and 52923.
69
Calculate the highest common divisor of 19233 and 603.
9
What is the highest common factor of 14635 and 20?
5
What is the highest common divisor of 1098 and 364170?
366
What is the highest common factor of 3480 and 13460?
20
Calculate the greatest common factor of 7011 and 398848.
779
What is the highest common divisor of 200060 and 14?
14
What is the greatest common divisor of 3840 and 1256640?
960
What is the highest common divisor of 24887 and 6806?
41
What is the greatest common factor of 2572106 and 38?
38
Calculate the greatest common divisor of 154360 and 136.
136
Calculate the greatest common factor of 794 and 233039.
397
What is the greatest common factor of 58 and 953201?
29
What is the greatest common factor of 46845 and 90?
45
Calculate the greatest common divisor of 28 and 23051.
7
What is the highest common divisor of 298291 and 43?
43
What is the greatest common factor of 131205 and 30?
15
Calculate the greatest common factor of 35 and 295.
5
What is the highest common factor of 2 and 42034?
2
Calculate the greatest common divisor of 11927608 and 1156.
1156
What is the highest common divisor of 68401 and 146?
73
What is the greatest common factor of 98 and 13769?
49
What is the greatest common factor of 377941 and 417?
139
What is the highest common divisor of 441541 and 34?
17
What is the highest common divisor of 16 and 6914?
2
What is the highest common factor of 432648 and 60?
12
Calculate the highest common divisor of 171 and 152532.
171
Calculate the greatest common factor of 188 and 15819918.
94
What is the highest common factor of 160 and 9320?
40
Calculate the greatest common divisor of 94468 and 748.
44
What is the highest common factor of 528 and 4323?
33
Calculate the greatest common factor of 2628 and 44092.
292
What is the highest common factor of 3451 and 74501?
203
What is the greatest common divisor of 82494 and 27?
9
What is the highest common divisor of 2033 and 627?
19
Calculate the highest common factor of 1012 and 261349.
253
What is the highest common divisor of 95034 and 35814?
282
What is the greatest common factor of 7890827 and 707?
707
Calculate the greatest common divisor of 107292 and 132.
12
What is the highest common divisor of 39 and 626457?
39
Calculate the highest common factor of 29029 and 23606.
319
What is the greatest common factor of 3502 and 68?
34
Calculate the greatest common divisor of 1205249 and 7905.
527
Calculate the highest common divisor of 39088 and 2968.
56
Calculate the highest common divisor of 2720 and 9760.
160
Calculate the highest common divisor of 315029 and 44.
11
Calculate the greatest common divisor of 1352 and 4888.
104
What is the greatest common divisor of 360396 and 47?
47
What is the highest common factor of 159 and 114321?
159
What is the greatest common divisor of 4035 and 18561?
807
Calculate the greatest common factor of 1918 and 109874.
274
Calculate the highest common divisor of 108220 and 420.
140
What is the highest common divisor of 1353 and 1107?
123
What is the greatest common divisor of 188672 and 11?
11
What is the greatest common divisor of 200 and 113650?
50
Calculate the greatest common factor of 5047 and 72520.
49
What is the greatest common factor of 215 and 978895?
215
What is the highest common factor of 6832 and 55328?
112
What is the greatest common factor of 105 and 171930?
15
What is the highest common divisor of 1880 and 184?
8
Calculate the greatest common factor of 27296 and 160.
32
What is the highest common factor of 671 and 366?
61
What is the greatest common divisor of 156 and 5668?
52
Calculate the greatest common divisor of 137981 and 93.
31
What is the greatest common factor of 40 and 1135?
5
Calculate the highest common factor of 34024 and 32.
8
Calculate the greatest common divisor of 8643 and 65124.
201
Calculate the greatest common factor of 12403 and 2512.
157
What is the highest common factor of 304 and 15633808?
304
What is the highest common factor of 1850 and 411440?
370
What is the greatest common divisor of 264962 and 34?
34
Calculate the greatest common divisor of 7 and 82089.
7
What is the greatest common factor of 611 and 63967?
47
What is the highest common divisor of 476 and 122094?
238
What is the greatest common factor of 451408 and 4984?
712
What is the greatest common factor of 1150 and 197225?
575
What is the greatest common factor of 360 and 117?
9
Calculate the greatest common factor of 560220 and 720.
60
What is the greatest common divisor of 19799 and 4212?
13
What is the greatest common factor of 12120 and 32017?
101
What is the highest common factor of 1607539 and 2553?
851
What is the greatest common divisor of 2760 and 555105?
345
Calculate the highest common factor of 240065 and 175.
35
Calculate the greatest common factor of 693 and 608553.
99
What is the highest common divisor of 208 and 41288?
104
What is the greatest common divisor of 355 and 58291?
71
Calculate the greatest common factor of 12 and 151100.
4
Calculate the highest common divisor of 195 and 240565.
65
What is the greatest common factor of 239808 and 12480?
192
What is the highest common factor of 134757 and 31?
31
What is the highest common divisor of 872202 and 1326?
102
What is the greatest common factor of 107 and 412485?
107
Calculate the greatest common factor of 5390 and 508970.
770
What is the greatest common factor of 5576927 and 886?
443
What is the greatest common factor of 19 and 797639?
19
What is the highest common divisor of 484 and 60148?
44
What is the highest common divisor of 291912 and 48?
24
Calculate the greatest common divisor of 646720 and 640.
320
What is the highest common factor of 185 and 145040?
185
What is the greatest common divisor of 1858734 and 12?
6
Calculate the highest common divisor of 5100 and 401100.
300
What is the greatest common factor of 71536 and 544?
272
What is the greatest common factor of 112 and 24632?
8
Calculate the greatest common factor of 33505 and 10.
5
What is the greatest common divisor of 940427 and 211?
211
Calculate the highest common factor of 46774 and 41496.
182
What is the highest common divisor of 1850 and 35224?
74
Calculate the greatest common factor of 1898 and 92710.
146
Calculate the highest common factor of 1328042 and 457.
457
What is the greatest common factor of 7650 and 466038?
306
Calculate the greatest common divisor of 81 and 1117152.
81
What is the greatest common factor of 13744 and 640?
16
Calculate the greatest common factor of 36 and 527484.
12
Calculate the greatest common factor of 351 and 1044576.
351
What is the highest common divisor of 7172 and 5053?
163
What is the highest common factor of 16227 and 63?
9
Calculate the highest common factor of 21996 and 4212.
468
What is the greatest common divisor of 5800 and 6438?
58
Calculate the greatest common factor of 199654 and 728.
182
Calculate the greatest common factor of 1677 and 663.
39
Calculate the greatest common factor of 39925 and 150.
25
What is the greatest common divisor of 664 and 30212?
332
What is the highest common factor of 99 and 27093?
33
Calculate the greatest common divisor of 504 and 109984.
56
What is the greatest common factor of 7994 and 3773?
7
What is the greatest common divisor of 946 and 9374?
86
What is the greatest common factor of 8288 and 198464?
224
What is the greatest common factor of 990723 and 3?
3
What is the highest common facto